216.
2, 3, 6211
What are the prime factors of 1808566077?
3, 602855359
List the prime factors of 987124345.
5, 197424869
List the prime factors of 199717504.
2, 7, 137, 1627
What are the prime factors of 168871408?
2, 29, 363947
List the prime factors of 203650984.
2, 1931, 13183
List the prime factors of 6319492471.
53, 119235707
What are the prime factors of 112964372?
2, 31, 911003
What are the prime factors of 3883174?
2, 17, 181, 631
List the prime factors of 8518281.
3, 211, 13457
List the prime factors of 4028308.
2, 67, 15031
List the prime factors of 1641755209.
29917, 54877
What are the prime factors of 4173198340?
2, 5, 5639, 37003
What are the prime factors of 174695715?
3, 5, 1523, 2549
List the prime factors of 113143235.
5, 67, 337741
List the prime factors of 1136015729.
1136015729
List the prime factors of 1321061906.
2, 19, 109, 197, 1619
What are the prime factors of 611178235?
5, 137, 157, 5683
List the prime factors of 57783348.
2, 3, 7, 61, 179
What are the prime factors of 36704495?
5, 7340899
List the prime factors of 150152979.
3, 5087, 9839
What are the prime factors of 284839526?
2, 19, 7495777
What are the prime factors of 36585988?
2, 557, 16421
What are the prime factors of 601301216?
2, 18790663
List the prime factors of 76447842.
2, 3, 373, 34159
List the prime factors of 165671878.
2, 197, 199, 2113
What are the prime factors of 58334085?
3, 5, 19, 68227
What are the prime factors of 93783112?
2, 79, 179, 829
List the prime factors of 538782809.
2713, 198593
List the prime factors of 947892409.
17, 4273, 13049
List the prime factors of 759146396.
2, 189786599
List the prime factors of 1109053380.
2, 3, 5, 29, 97, 6571
List the prime factors of 26479131.
3, 7, 1260911
List the prime factors of 458754590.
2, 5, 7, 1091, 6007
What are the prime factors of 737471?
7, 137, 769
What are the prime factors of 1666116879?
3, 7, 311, 337, 757
List the prime factors of 783616.
2, 3061
List the prime factors of 40178629.
40178629
List the prime factors of 784893555.
3, 5, 29, 601451
What are the prime factors of 76853611?
109, 705079
List the prime factors of 4070232205.
5, 13, 401, 156157
What are the prime factors of 1626220101?
3, 11, 2141, 23017
What are the prime factors of 17165438?
2, 157, 54667
List the prime factors of 6188306798.
2, 73, 42385663
List the prime factors of 212729675.
5, 1279, 6653
What are the prime factors of 77623678?
2, 11, 320759
List the prime factors of 601161530.
2, 5, 83, 724291
List the prime factors of 165816544.
2, 61, 84947
What are the prime factors of 48968201?
829, 59069
List the prime factors of 2664677767.
17, 53, 1579, 1873
List the prime factors of 149369355.
3, 5, 19, 41, 4261
List the prime factors of 2884730655.
3, 5, 3847, 49991
What are the prime factors of 645327822?
2, 3, 83, 1295839
What are the prime factors of 981324036?
2, 3, 7, 11, 32183
List the prime factors of 67424821.
2423, 27827
What are the prime factors of 60607341?
3, 6734149
What are the prime factors of 63754919?
23, 53, 52301
List the prime factors of 397782374.
2, 11, 113, 160009
List the prime factors of 665953916.
2, 103, 167, 9679
What are the prime factors of 221679585?
3, 5, 547357
What are the prime factors of 14670866?
2, 7, 41, 61, 419
What are the prime factors of 565156741?
565156741
What are the prime factors of 4019490803?
2551, 1575653
What are the prime factors of 4436023156?
2, 23, 48217643
List the prime factors of 42961304.
2, 5370163
List the prime factors of 151895982.
2, 3, 7, 516653
What are the prime factors of 786577088?
2, 11, 79, 14143
What are the prime factors of 187533198?
2, 3, 29, 31, 3863
What are the prime factors of 78566306?
2, 7, 13, 83, 743
List the prime factors of 37540298.
2, 18770149
List the prime factors of 3356623886.
2, 7, 11, 271, 80429
What are the prime factors of 3559789930?
2, 5, 251, 1418243
What are the prime factors of 27704748?
2, 3, 59, 109, 359
List the prime factors of 440427791.
1511, 291481
List the prime factors of 185732059.
59, 3148001
What are the prime factors of 583384065?
3, 5, 11, 1831, 1931
List the prime factors of 2253229528.
2, 11, 25604881
What are the prime factors of 24561983?
24561983
List the prime factors of 23632875.
3, 5, 7, 3001
What are the prime factors of 465793572?
2, 3, 38816131
What are the prime factors of 647446846?
2, 7211, 44893
What are the prime factors of 3239967846?
2, 3, 41, 2251, 5851
What are the prime factors of 1150665348?
2, 3, 7, 13698397
List the prime factors of 927918454.
2, 71, 1721, 3797
List the prime factors of 2517094221.
3, 839031407
List the prime factors of 1662417546.
2, 3, 859, 322549
List the prime factors of 2815837.
53, 53129
What are the prime factors of 3501099266?
2, 7, 31, 89, 90641
What are the prime factors of 3612723524?
2, 163, 1039, 5333
What are the prime factors of 25348446?
2, 3, 89, 15823
List the prime factors of 281188597.
2137, 131581
List the prime factors of 6513935992.
2, 10169, 80071
What are the prime factors of 2263935829?
67, 33790087
List the prime factors of 14254823.
11, 17, 31, 2459
What are the prime factors of 3628945830?
2, 3, 5, 120964861
List the prime factors of 6082368.
2, 3, 79, 401
List the prime factors of 1797411503.
29, 6113, 10139
List the prime factors of 1103133586.
2, 743, 742351
List the prime factors of 133031843.
7, 59, 322111
List the prime factors of 1063453329.
3, 229, 347, 1487
What are the prime factors of 617725863?
3, 67, 1024421
List the prime factors of 57982025.
5, 61, 193, 197
What are the prime factors of 198703210?
2, 5, 23, 661, 1307
What are the prime factors of 206623543?
7, 602401
What are the prime factors of 36806820?
2, 3, 5, 613447
List the prime factors of 2393415069.
3, 223, 463, 7727
What are the prime factors of 33331435?
5, 53, 73, 1723
List the prime factors of 136644580.
2, 5, 19, 109, 3299
List the prime factors of 7776216828.
2, 3, 14051, 15373
What are the prime factors of 418920958?
2, 367, 570737
What are the prime factors of 19275686?
2, 139, 69337
What are the prime factors of 575233247?
1301, 442147
List the prime factors of 28148372.
2, 7, 31, 32429
List the prime factors of 37474733.
37474733
List the prime factors of 1208875761.
3, 6719, 19991
List the prime factors of 59675829.
3, 431, 46153
List the prime factors of 31972250.
2, 5, 19, 53, 127
List the prime factors of 49097179.
49097179
What are the prime factors of 295068135?
3, 5, 19671209
What are the prime factors of 1870383694?
2, 935191847
What are the prime factors of 116852155?
5, 7, 59, 71, 797
List the prime factors of 4622901509.
107, 43204687
List the prime factors of 1132814750.
2, 5, 59, 76801
What are the prime factors of 112596592?
2, 23, 53, 251
What are the prime factors of 1449500983?
7, 131, 1580699
List the prime factors of 836697362.
2, 97, 4312873
List the prime factors of 162765371.
29, 47, 119417
List the prime factors of 575831874.
2, 3, 47, 2041957
What are the prime factors of 65216314?
2, 32608157
List the prime factors of 926909203.
11, 84264473
What are the prime factors of 1031276867?
47, 269, 81569
List the prime factors of 692670577.
692670577
List the prime factors of 5805281152.
2, 11, 4123069
List the prime factors of 1264254578.
2, 632127289
What are the prime factors of 6701971201?
15749, 425549
What are the prime factors of 38790908?
2, 13, 57383
List the prime factors of 175749479.
61, 2881139
What are the prime factors of 132978795?
3, 5, 509, 17417
What are the prime factors of 84322351?
1319, 63929
List the prime factors of 160578717.
3, 13, 409, 10067
What are the prime factors of 2047491429?
3, 682497143
List the prime factors of 106265004.
2, 3, 661, 13397
List the prime factors of 26569712.
2, 13, 127739
List the prime factors of 5439890859.
3, 13, 193, 313, 2309
List the prime factors of 269492866.
2, 83, 1623451
List the prime factors of 2680374179.
7, 71, 157, 34351
List the prime factors of 18675225.
3, 5, 73, 379
List the prime factors of 535808015.
5, 107161603
List the prime factors of 4999477434.
2, 3, 7, 41, 283, 10259
List the prime factors of 751284120.
2, 3, 5, 379, 16519
List the prime factors of 145647314.
2, 72823657
List the prime factors of 11826121.
1901, 6221
List the prime factors of